8338422041 a prime number?
True
Is 8581184219 a composite number?
False
Is 93561103643 composite?
True
Is 74562914603 a composite number?
True
Is 1257652119 prime?
False
Is 12851802611 composite?
False
Is 227633755 a prime number?
False
Is 239825219 a composite number?
True
Is 1966591411 a composite number?
False
Is 1383456661 prime?
False
Is 269899087561 a prime number?
False
Is 597477983 a prime number?
True
Is 103380511841 a prime number?
False
Is 1305265601 a composite number?
True
Is 11998085399 prime?
True
Is 798135043 composite?
True
Is 7449811223 prime?
False
Is 17988546313 a composite number?
False
Is 1904134903 a prime number?
False
Is 59159016881 a prime number?
False
Is 5661968873 a composite number?
True
Is 57076149691 a prime number?
False
Is 4840926589 prime?
False
Is 112742120593 composite?
False
Is 12542034497 composite?
True
Is 2885308241 prime?
True
Is 1411424129 prime?
False
Is 19390808687 composite?
False
Is 1206714727 prime?
False
Is 684362269 prime?
True
Is 20702394221 a composite number?
False
Is 31170001 composite?
True
Is 989462689 a composite number?
False
Is 7126060619 a prime number?
False
Is 943439059 a composite number?
False
Is 16315638301 prime?
False
Is 793721087 prime?
False
Is 4628630399 prime?
True
Is 425741287 prime?
True
Is 4904689453 prime?
True
Is 126931005187 composite?
True
Is 159286297 a prime number?
True
Is 3931012469 a prime number?
True
Is 44214997 composite?
True
Is 5752925351 composite?
False
Is 349691651 prime?
True
Is 1389270721 a composite number?
True
Is 537372263 prime?
False
Is 404758726 composite?
True
Is 5865408943 prime?
True
Is 67052927 prime?
True
Is 235168303 a composite number?
False
Is 404219841 composite?
True
Is 1088556103 a prime number?
False
Is 12208745539 a prime number?
True
Is 15558456167 a composite number?
False
Is 1277988961 a composite number?
True
Is 470790091 composite?
True
Is 23553990431 a composite number?
False
Is 212280163 prime?
True
Is 2613508943 a prime number?
True
Is 872866919 a composite number?
False
Is 1143576341 composite?
True
Is 773878409 prime?
False
Is 94463428443 prime?
False
Is 19101649387 prime?
False
Is 8603563823 a composite number?
False
Is 38744163541 prime?
False
Is 2918265617 a composite number?
False
Is 6049622393 composite?
False
Is 4022615203 composite?
True
Is 18387077963 composite?
True
Is 21814817881 a prime number?
True
Is 1369665443 prime?
False
Is 2979114869 composite?
False
Is 2255734223 a composite number?
True
Is 1860426671 a prime number?
False
Is 2527791689 a prime number?
False
Is 1145072597 composite?
False
Is 155118419303 prime?
False
Is 13359850349 composite?
False
Is 854136779 prime?
True
Is 17732151911 a prime number?
False
Is 9704943319 a composite number?
False
Is 2902150931 a prime number?
True
Is 20049553679 a composite number?
False
Is 34372987289 prime?
True
Is 24014287889 a composite number?
False
Is 264880583 composite?
True
Is 11867029007 composite?
True
Is 38328577109 composite?
False
Is 433469849 a composite number?
False
Is 3610736933 prime?
True
Is 358288747 prime?
True
Is 15321521953 composite?
False
Is 190541698069 composite?
False
Is 45408539 composite?
True
Is 1076578351 composite?
True
Is 77830803253 prime?
False
Is 171412834 a composite number?
True
Is 9735124979 composite?
False
Is 133254487 a prime number?
True
Is 26098575857 a composite number?
True
Is 36200791091 prime?
False
Is 21498988891 prime?
False
Is 2104229297 prime?
True
Is 75330237299 a prime number?
False
Is 597527677 prime?
True
Is 21683302229 a composite number?
False
Is 967839763 prime?
False
Is 756334477 prime?
True
Is 164139653165 a prime number?
False
Is 72292237 a prime number?
False
Is 6597582659 a prime number?
False
Is 42286932811 prime?
True
Is 45409223 prime?
True
Is 13605946399 a prime number?
False
Is 19910368813 composite?
False
Is 2585623 a prime number?
True
Is 4747191733 composite?
False
Is 146720521 composite?
False
Is 785154581 a composite number?
False
Is 77447639 a prime number?
False
Is 4287005021 a prime number?
False
Is 3096916793 prime?
False
Is 2045004761 prime?
True
Is 339006769 composite?
False
Is 2222154653 composite?
False
Is 1080908333 prime?
False
Is 3960982001 a prime number?
True
Is 1958587201 a prime number?
True
Is 725844589 a prime number?
True
Is 27644349701 composite?
True
Is 666071753 a composite number?
True
Is 2787454294 a composite number?
True
Is 51995687 prime?
False
Is 3618050713 a prime number?
False
Is 10440085153 a prime number?
True
Is 32050828743 composite?
True
Is 17307442721 composite?
True
Is 88106047909 composite?
True
Is 3943025029 composite?
False
Is 267386573 composite?
False
Is 875118602 prime?
False
Is 1276938941 a prime number?
False
Is 5067560773 prime?
False
Is 84970125523 a prime number?
False
Is 218223483 a prime number?
False
Is 9491916917 prime?
False
Is 63978683 prime?
True
Is 64194427421 a prime number?
False
Is 1788452189 prime?
True
Is 681286657 prime?
False
Is 7236265331 a prime number?
False
Is 1401628933 prime?
True
Is 16480393 a prime number?
True
Is 206466107597 prime?
False
Is 34019147549 prime?
True
Is 6297345539 a prime number?
False
Is 17947605493 prime?
False
Is 145560829 composite?
True
Is 18642075953 a composite number?
False
Is 1069627127 prime?
True
Is 2076826759 a composite number?
True
Is 4976905 a prime number?
False
Is 7122412169 a composite number?
False
Is 4029438313 a composite number?
True
Is 147016031 prime?
False
Is 7936601879 a prime number?
True
Is 273647303 a composite number?
True
Is 342243179 prime?
True
Is 6542355737 prime?
False
Is 110389797457 prime?
False
Is 126224003 a prime number?
True
Is 13491192391 a composite number?
False
Is 2726847951 prime?
False
Is 1803195811 a composite number?
True
Is 2421121 a prime number?
False
Is 41114289383 a prime number?
True
Is 1051910753 prime?
True
Is 40182501383 a composite number?
False
Is 3736902859 composite?
True
Is 819093655 prime?
False
Is 74796859 a composite number?
False
Is 30451496221 composite?
False
Is 20154605365 prime?
False
Is 9235975081 a prime number?
False
Is 2974420171 composite?
False
Is 41404460701 a prime number?
True
Is 231933763 a prime number?
True
Is 23662194563 prime?
False
Is 676352543 a composite number?
True
Is 278870258729 composite?
True
Is 37139415682 a composite number?
True
Is 266524009 composite?
False
Is 7017161563 prime?
False
Is 5298552737 composite?
False
Is 44123609473 a composite number?
False
Is 2795037649 prime?
True
Is 404530601 a composite number?
True
Is 2873496869 prime?
True
Is 55332923531 a prime number?
True
Is 226568447 a composite number?
True
Is 91767772729 composite?
True
Is 7682147909 prime?
True
Is 53865899471 a composite number?
False
Is 4516164143 composite?
False
Is 49463567 prime?
False
Is 60245947 a prime number?
False
Is 4211070089 a composite number?
True
Is 17015902769 a prime number?
False
Is 7114446877 prime?
True
Is 578694811 a composite number?
False
Is 14324059553 a composite number?
False
Is 8608738909 a composite number?
False
Is 136001738507 prime?
True
Is 55867781 composite?
False
Is 24837071183 composite?
False
Is 447236635 prime?
False
Is 11265981341 a composite number?
False
Is 7127716523 composite?
False
Is 5183513399 a prime number?
True
Is 2007210221 prime?
True
Is 422710165 prime?
False
Is 10603829399 a composite number?
True
Is 213138829 a prime number?
False
Is 874150531 a composite number?
False
Is 1622057939 a prime number?
False
Is 231455239 a prime number?
False
Is 2497710815 prime?
False
Is 290335631 a composite number?
True
Is 2510641043 prime?
False
Is 5442283043 a prime number?
True
Is 32656165441 a prime number?
True
Is 2033368223 composite?
True
Is 310255849 composite?
False
Is 2899668781 prime?
False
Is 3557338937 prime?
False
Is 866170919 a prime number?
True
Is 1460528291 composite?
True
Is 288972287 prime?
True
Is 89962023091 composite?
False
Is 5389597373 composite?
True
Is 212316676729 a composite number?
False
Is 16191611869 a composite number?
True
Is 612039173 composite?
False
Is 3731452727 prime?
True
Is 5700754546 a prime number?
False
Is 383978081 composite?
False
Is 842144167 a prime number?
False
Is 436402151 a composite number?
False
Is 2720083153 prime?
True
Is 7669009589 composite?
F